 2*z - 3*z + p. What are the prime factors of z?
2, 3
List the prime factors of 3 + 47 + 0 - -2.
2, 13
Let c be (-1)/(48/(-46) - -1). Suppose -c = 5*m - 123. What are the prime factors of m?
2, 5
Let f(x) = x**2 + 12*x + 4. Let r(n) = -3*n**2. Let p = -2 - -4. Let c be r(p). What are the prime factors of f(c)?
2
Let w = -10 + 29. Let m = w + 0. List the prime factors of m.
19
Let s(z) = -z**2 - 24*z - 35. What are the prime factors of s(-16)?
3, 31
Let r be 0/(-3) + 0/2. Let v = 7 - r. List the prime factors of v.
7
Suppose 0 = 2*v + 2*p - 4, 4*p + 1 = v - 1. List the prime factors of v.
2
Let v be (8/(-6))/((-8)/12). Suppose -v*q - 3 = -9. Suppose -q*f = -7 - 29. What are the prime factors of f?
2, 3
Let w(z) = -z**2 + 23. What are the prime factors of w(0)?
23
Let b be (4/(-3))/(6/(-9)). Suppose b*w - 4*a = -2, -w + 3*a - 9 = 3*w. Let o = w - -7. List the prime factors of o.
2
Suppose -3*s - 11 = 2*x, -6*x - 10 = -x + 4*s. Suppose -4*o + 2*q + 52 = 0, -3*o + x*q = -7*o + 44. List the prime factors of o.
2, 3
Let a = 108 - 23. List the prime factors of a.
5, 17
Let y be 22 - (-7 + 4 - -2). Suppose -w - 5 = -y. What are the prime factors of w?
2, 3
Suppose 0*j + j = 46. List the prime factors of j.
2, 23
Let b(m) = -m**3 + 7*m**2 + 4*m - 9. Let y = 2 + 5. Let u be b(y). Suppose -1 = z - u. What are the prime factors of z?
2, 3
Let c(m) = -5*m - 7. Let t be c(-5). Let l = t + -11. Let z = l + 0. What are the prime factors of z?
7
Suppose 4*z - o = -101, z - 12 = 4*o - 56. Let j = -15 - z. List the prime factors of j.
3
Let v(m) = m**3 + m**2 + 2*m. Suppose 3*l = -2*i - 1 + 2, -2*i = 8. List the prime factors of v(l).
2, 3, 7
Suppose 5*a = -2*x + 5*x - 127, -x = -5*a - 59. Suppose -x = 4*p - 5*p. What are the prime factors of p?
2, 17
Suppose -65 = 5*w - l, w - 5*l + 7 = -6. Let c = w - -21. List the prime factors of c.
2
Let q(t) = 0*t**3 + 2 + 5*t + 0 + 6*t**2 + t**3. Let p be q(-5). What are the prime factors of (10 - 2)*(p - 1)?
2
Suppose 166 = -135*l + 136*l. What are the prime factors of l?
2, 83
List the prime factors of ((-10)/(-15))/((-8)/(-228)).
19
Let a = 1 + -3. What are the prime factors of (6/(-5))/(a/10)?
2, 3
Let q(d) = d**2 + 6*d + 1. Let h be q(-6). What are the prime factors of (-456)/4*h/(-3)?
2, 19
Suppose -313 = -2*g + 189. What are the prime factors of g?
251
Let l = -11 - -11. Suppose l*o + 6 = 2*o. Suppose -3*m + n = -61, -m - o = -2*m - 4*n. What are the prime factors of m?
19
Let p(z) = -10*z - 5. Let j(q) = -9*q - 5. Let g(o) = -7*j(o) + 6*p(o). Let m be g(5). Let f = m + -11. What are the prime factors of f?
3
Let l(z) = -z**2 + 8*z + 57. What are the prime factors of l(8)?
3, 19
Suppose -o + 35 = 2*z, -2*o + 70 = -0*z - 2*z. Suppose 4*v + o - 103 = 0. List the prime factors of v.
17
Let j(i) = -i - 6. Let m be j(-8). Let l(x) = 8*x**2 - 5 - 8 - m*x + 3 + x**3. What are the prime factors of l(-8)?
2, 3
List the prime factors of 2/7 + 40/7.
2, 3
Let i(k) be the third derivative of k**5/60 + 3*k**4/8 + k**3/3 - 2*k**2. List the prime factors of i(-9).
2
Let v(z) = 2*z**2 + z**3 + 3*z**2 + 12 - 5*z**2. List the prime factors of v(0).
2, 3
Let l(z) = z**3 - 2*z**2 + 2*z - 3. Let u be l(2). Let n be 0 - (u + 1 - 21). Suppose 2*h + 34 = 3*b, -h - 3 - n = -2*b. What are the prime factors of b?
2, 5
Let m = 12 - 3. Let d = m + -15. List the prime factors of 55/3 - (-2)/d.
2, 3
Suppose 7*z = 12*z - 690. What are the prime factors of z?
2, 3, 23
Let w(k) = -k**3 + 5*k**2 - 3*k. Let v be w(4). Suppose 0 = 2*x - v. What are the prime factors of (-4)/(24/(-33))*x?
11
Let j(b) = -b**3 - 7*b**2 - 7*b - 8. Let v be j(-5). Let s = 68 + v. What are the prime factors of s?
3, 5
List the prime factors of ((-54)/(-18))/(1*2/54).
3
Let q(b) = 4*b**2 + 9*b + 12. What are the prime factors of q(-4)?
2, 5
Let t(f) = -f**2 - 2*f - 2. Let d be (3 - 2) + 0 + 1. Let b(p) = -3*p**2 - 5*p - 7. Let u(i) = d*b(i) - 7*t(i). List the prime factors of u(-6).
2, 3
Let n = -4 - -11. Let h = n - -10. List the prime factors of h.
17
Let b = 2 - 7. Let d = -1 - b. What are the prime factors of d?
2
Let s(j) be the first derivative of -j**3/3 + 5*j**2 - 8*j + 4. List the prime factors of s(7).
13
Let p(s) = -s**2 + 2*s + 3. Let o be p(3). List the prime factors of (-3 - o) + 15/3.
2
Suppose 0*c + c - 3 = 0. Let m be 1 - (-2 + 3 - c). Suppose -3*d = 3*v - 48, -v - 2*d + m*d = -8. List the prime factors of v.
2, 3
Let j = -7 - -6. Let v = j - -9. What are the prime factors of v?
2
Let z = 19 + 10. What are the prime factors of z?
29
Suppose -227 + 941 = 3*i. List the prime factors of (-6)/4*i/(-21).
17
What are the prime factors of 6/(-8)*(-9 - 7)?
2, 3
Suppose -9 = 5*t - 34. Suppose -t*q + s - 11 + 32 = 0, -4*q + 13 = 3*s. What are the prime factors of q?
2
Let s(t) = -7 + 2*t**2 - t**3 + 4*t**2 + 2 - 2*t. Suppose 4*o - 2*k = 22, 3*o + 0*o + 4*k - 11 = 0. List the prime factors of s(o).
2, 5
Let t(s) = s**2 + 9*s + 5. Let h be t(-9). Suppose -h*c = -6*c + 9. What are the prime factors of c?
3
Suppose 2*m + 2 = 4. Let h(z) = 14*z**3 - 2*z**2 + z. Let c be h(m). Let u = c - 3. List the prime factors of u.
2, 5
Suppose -1 = l - 4. Suppose 5 = -u - s + 4, -l*u = -s + 19. List the prime factors of (-4)/10 - 87/u.
17
Suppose 5*w - 15 - 15 = -5*g, -3*w = 4*g - 21. Suppose 2*p - 8 = w*m, 5*p + 2*m + 22 = 4. Let k = 14 + p. What are the prime factors of k?
2, 3
List the prime factors of -85*(-1)/5*3.
3, 17
Let b = -3 + 16. List the prime factors of b.
13
Let y(i) = -8*i - 1. Let m be y(2). Let g = m + 25. List the prime factors of g.
2
Let u = -8 + 42. What are the prime factors of u?
2, 17
Let r = 212 - 73. List the prime factors of r.
139
Suppose -576 = -3*a - 4*r, -3*a = 11*r - 6*r - 576. What are the prime factors of a?
2, 3
Suppose -4*p + 0*p = o - 74, -o - 2*p = -64. What are the prime factors of o?
2, 3
Let r be ((-1)/(-3))/(2/12). Suppose 2*k - 20 = r*t + t, 0 = k - 4*t - 20. List the prime factors of k.
2
List the prime factors of -16 - -13 - (-130 - 0).
127
Let n be (-6)/(-2)*(-105)/(-9). Suppose 2*s = -n + 93. List the prime factors of s.
29
Suppose 3*j + b - 2*b = 93, -2*j - b + 62 = 0. Suppose -3*o + 38 = -j. List the prime factors of o.
23
Suppose 70 = 3*r - 4*q, -5*q = 5*r - 7*r + 42. List the prime factors of r.
2, 13
Suppose 3*h - 46 = 113. What are the prime factors of h?
53
Let h(x) = x**2 - x + 5. Let m be h(0). Suppose 0 = -s + m*j - 13, 0 = s - 4*s + j + 31. What are the prime factors of s?
2, 3
Suppose -4*u + 2*o + 7 = -19, 5*u - 2*o = 31. Suppose -4*v + 19 = -u. Suppose 3*i - v*i = 2*r - 29, -2*r + 5*i - 11 = 0. List the prime factors of r.
7
Let i(l) = 5*l**3 + l. Let o = 3 - 2. What are the prime factors of i(o)?
2, 3
Let r(z) = z**2 - 7*z - 5. Let w be r(8). Suppose -2*a = -11 + w. What are the prime factors of a?
2
Let n = 21 - -3. What are the prime factors of n?
2, 3
Suppose -5*o = -3*y - 1, 0 = -2*y + 5*o - 1 - 8. List the prime factors of (-52)/y*2*-1.
13
Suppose 0 = 2*n - 3*b + 200, 0 = -b - 4*b + 20. List the prime factors of (-2)/5 + n/(-10).
3
What are the prime factors of 0/4 + 9 - 2?
7
Suppose -2*b + 194 = -2*i, -3*i = 2*b - 119 - 55. Suppose 0 = 2*g + 13 - b. Suppose 3*u + 5*w = -4, -7*u + g = -2*u - w. What are the prime factors of u?
7
List the prime factors of (-5)/(-30)*-2 + 58/3.
19
Suppose -2*i = -r + 78, -4*r + 226 = -i - 107. What are the prime factors of r?
2, 3, 7
Let i be (1 - (-2 + 5)) + 23. Let j = i + -14. What are the prime factors of j?
7
Let g be ((-9)/6)/(1/(-2)). Suppose 8 = g*z + 2. Suppose 1 - 2 = -v + z*o, 10 = 2*o. What are the prime factors of v?
11
Suppose -4*t + 3 = 3*a, 5*t - 3*a + 3 = 2*t. Suppose 2*m + t*m = 102. What are the prime factors of m?
3, 17
Suppose -4*g - 2*h + 22 = 0, -2*g + 4*h = 7*h - 17. Suppose t + g = -5*u + 12, 3*t - 2*u - 24 = 0. List the prime factors of t.
2
Let z(b) = -b**2 - 16*b + 6. Let s be ((-36)/15)/((-9)/(-30)). Let a be z(s). Suppose 0 = -3*u + 5*x + a, -3*u + x = 2*u - 102. List the prime factors of u.
2, 5
Let z = 37 + 8. List the prime factors of z.
3, 5
Let v = -1 + 6. Let g = -3 + v. Suppose -4*q - 4 = -g*k, 5*k - 35 = -q - 3. What are the prime factors of k?
2, 3
Suppose 0 = -g + 5*t + 30, 0 = 3*g - 5*t - 58 + 18. Let h(j) = 3*j + 10. Let d(y) = -4*y - 10. Let